 d and u?
16
Suppose 3*x - 2 = 2*x. Suppose 0 = -5*m - 4*q + 40, 3*q - 33 = -2*m - 2*q. What is the highest common factor of x and m?
2
Let l = 9 + -7. Calculate the highest common divisor of l and 38.
2
Suppose -5 + 39 = 2*s. Let v(a) = 5*a**2 + 2*a. Let d be 3 + -1 - (-1 + 0). Let m be v(d). Calculate the highest common divisor of s and m.
17
Let u be (-325)/10*(-4)/(-5). Let d be u/10 + (-6)/15. Let g be 37 + 4/6*d. What is the highest common divisor of g and 5?
5
Let j = -15 + 21. What is the greatest common factor of j and 48?
6
Suppose -p = 0, -p - 32 = 3*r - 7*r. Calculate the greatest common divisor of 152 and r.
8
Let h(k) = k + 12. Let v be h(-9). Suppose 0 = 6*a - 5*a - v. Suppose a*l = -l + 64. Calculate the greatest common divisor of l and 64.
16
Suppose 0 = 9*f - 147 - 69. Let j be 50/6 - 2/6. Calculate the greatest common divisor of j and f.
8
Let l(k) = k**2 - 9*k - 21. Let t be l(12). What is the greatest common factor of 5 and t?
5
Let m = 119 - 55. Suppose 23*t - 32 = 19*t. What is the highest common divisor of m and t?
8
Let k = -33 - -113. What is the highest common divisor of k and 16?
16
Suppose 5*m + 7 = -2*i, -2*i - 3*m + 2 = 11. Let r be 179/3 - 2/i. Let f be ((-24)/(-10))/((-3)/(-15)). What is the highest common divisor of r and f?
12
Let w = -3 + 48. Calculate the highest common factor of w and 5.
5
Let k(v) be the first derivative of v**2 - 2*v - 5. Let m be k(13). Calculate the highest common divisor of 3 and m.
3
Suppose 3*c = 7*c - 80. Suppose -3*p = p - 32. Calculate the greatest common divisor of c and p.
4
Suppose -9 = -b + 31. Let s(g) = -2*g + 4. Let j(p) = p - 11. Let m be j(8). Let u be s(m). Calculate the highest common factor of u and b.
10
Let g = -3 - -3. Let q = g - -4. Let k be 3/2*(-40)/(-6). What is the greatest common factor of k and q?
2
Let s(q) = 3*q + 11. Let a be s(0). Calculate the greatest common divisor of a and 99.
11
Let b be 18/(-7)*4732/(-78). What is the greatest common factor of b and 12?
12
Suppose 5*y + 0 = -15. Let d(a) = 11*a**2 - 5*a - 4. Let m be d(y). Calculate the greatest common factor of m and 10.
10
Suppose 5*t + 3*p + 39 = t, 5*p + 5 = 0. Let v be 48/t*45/(-6). What is the greatest common divisor of 5 and v?
5
Let z be 34/3*(-9)/(-6). Suppose 0 = 2*h + 4*v - v - 22, 2*v = 4*h - 76. What is the highest common factor of z and h?
17
Suppose 0 = -5*f + 3*s + 2*s + 295, 0 = 5*f + 3*s - 271. What is the greatest common divisor of 84 and f?
28
Suppose -3*b + 2*g + 3*g - 5 = 0, b + 4*g + 13 = 0. Let n be -4*(-3)/(-15)*b. Calculate the greatest common divisor of 20 and n.
4
Let a be 47/2 + 1/2. Let f = 336 - 120. What is the greatest common factor of f and a?
24
Let u(w) = w + 7. Let b be u(4). Suppose 10*j = b*j - 4. What is the highest common divisor of 4 and j?
4
Let q be 704/6 - (-2)/(-6). Suppose -3*z + 87 = -2*u, -2*u = -4*z + u + q. Let j(n) = 2*n - 1. Let s be j(5). What is the highest common divisor of z and s?
9
Let w(r) = r**3 - 4*r**2 + 2*r + 1. Let p be w(5). Let l(d) = 3*d**3 + 2*d**2 - 2*d + 1. Let j be l(1). What is the highest common divisor of p and j?
4
Let b(t) = -5*t**3 - t**2 + 3*t + 4. Let s be b(-1). What is the highest common divisor of 20 and s?
5
Let h(g) = g**2 + 5*g. Let i be h(-5). Suppose i = 2*q + 2*q - 208. What is the greatest common divisor of q and 13?
13
Let z(t) = -t**3 + 10*t**2 + 7*t - 31. Let q be z(10). What is the greatest common factor of q and 52?
13
Let m(t) = -t + 10. Let c be m(5). Let y be ((-3)/c)/(6/(-150)). Calculate the greatest common factor of y and 3.
3
Let r(q) = 3*q**2 - 9*q - 30. Let i be r(9). Suppose -d + 4*o + 28 = -0*d, 36 = 4*d + 3*o. What is the greatest common divisor of i and d?
12
Let k be (5 - 3)*(-46)/(-4). Calculate the highest common divisor of k and 92.
23
Suppose -12 = q - 5*q. Suppose -q*w = -13 - 92. What is the highest common divisor of 7 and w?
7
Let t(r) = 21*r**2 + 6*r + 5. Let s be t(-2). What is the highest common factor of s and 55?
11
Suppose k + 7 = 14. Suppose k*w - 11*w + 20 = 0. Calculate the highest common divisor of 40 and w.
5
Suppose 59 = 2*z - z. Suppose -3*v - 3*a = -27, 5*v - 3*a - z + 14 = 0. Calculate the greatest common factor of 72 and v.
9
Suppose 3*r + 2*r + 3*j = 16, -r - 4*j = -10. Let l = -16 + 13. Let p be r + l/(-6)*-2. What is the greatest common factor of p and 9?
1
Let l = 110 + -19. Let c = l + -31. Suppose 11*t = 9*t + 24. Calculate the highest common divisor of t and c.
12
Suppose -4*v - 2 = 2*n - 5*n, 3*n - 6 = 3*v. Let k be (-2)/3 - 26/n. Let f(t) = -5*t + 7. Let d be f(k). What is the highest common divisor of 4 and d?
4
Let g(v) = 2*v - 11. Let z(x) = -2*x + 11. Let y(l) = -5*g(l) - 6*z(l). Let k = -3 + 13. Let h be y(k). Calculate the greatest common divisor of 6 and h.
3
Suppose o + 2 = 0, -4*v - 3*o + 198 = -6*o. Calculate the highest common divisor of 16 and v.
16
Suppose y + y = 2*i - 8, -3*i - 4*y = -12. Suppose 191 = 2*l + 5*s, 3*s - 13 = -i. Calculate the greatest common divisor of 8 and l.
8
Let u be ((-9)/12)/(6/(-16)). What is the highest common factor of u and 3?
1
Suppose 3*t + 0*t = 0. Let f(x) = x + t*x + x - 2. Let w be f(4). What is the greatest common factor of 6 and w?
6
Suppose -15 - 17 = -y. What is the greatest common factor of 8 and y?
8
Suppose 40 = -s + 5*s. Let m(c) = c - 4. Let g be m(4). Suppose g*q - 430 = -4*q - 2*d, -d = -2*q + 225. Calculate the highest common divisor of s and q.
10
Let d(z) be the first derivative of z**3 + 5*z**2/2 - 6*z - 4. Let q be d(-5). Calculate the greatest common divisor of 110 and q.
22
Suppose 5*o - 4*v = 2*o + 69, -v = 0. Calculate the greatest common divisor of 184 and o.
23
Suppose 2*s = -2*s + 16. Suppose -s*l - 4 = -36. What is the greatest common divisor of 16 and l?
8
Let k = 80 + -68. Calculate the highest common divisor of 372 and k.
12
Let f(q) = 2*q - 6. Let v be f(11). Calculate the greatest common divisor of v and 80.
16
Suppose -2*h = -5*h + 12. Suppose 20 = h*j - 32. What is the highest common factor of j and 117?
13
Suppose -2*y = -3*y + 276. Let l = 2 - -1. Suppose l*o - 3 = 0, 5*a - y = -2*o + o. Calculate the highest common divisor of a and 22.
11
Suppose 0 = -4*k + 5*i + 1, 8*i - 5*i = -3*k + 21. Let h(a) = a**3 - 5*a**2 + 3*a + 5. Let n be h(k). Calculate the highest common factor of 5 and n.
1
Suppose -3*o - 45 = -6*o. What is the greatest common factor of 5 and o?
5
Suppose u + 3*w - 24 = 4*u, 12 = -2*u - 2*w. Let y = u - -11. Suppose 0 = 16*m + 13*m - 1044. Calculate the highest common divisor of m and y.
4
Let s be (-3)/15 + (-62)/(-10). Let i be (-200)/(-30) - (-2)/s. Calculate the highest common divisor of 35 and i.
7
Let g(b) = 4*b**2 + 8*b + 5. Let c be g(-3). Let i be (-2)/5 + 771/15. What is the greatest common factor of i and c?
17
Let k(x) = x - 2. Let d be k(8). Let r = -29 + 33. What is the greatest common divisor of d and r?
2
Let t be (24 - 0)*5/2. Suppose -3*b + 68 = -4*r, 4*r - 3 = 1. Calculate the highest common factor of b and t.
12
Let o = 4 - -2. Suppose -15 = -3*l + o. What is the greatest common factor of 42 and l?
7
Suppose 6*w - 140 = 4*w. What is the greatest common divisor of w and 14?
14
Let b(h) = h**3 - 9*h**2 + 6*h - 21. Let d be b(9). What is the greatest common factor of 33 and d?
33
Let f be (72/32)/((-1)/(-4)). Suppose 0 = 2*w - 2*s - 2, -s + 0*s + 3 = -3*w. Let b be 61/7 - w/7. What is the highest common divisor of b and f?
9
Let w = 21 + -6. Suppose 6*r - w = r. Suppose -r*v - 39 = -3*x, 0*x - x = v - 3. Calculate the greatest common divisor of x and 2.
2
Suppose n + 0 - 2 = 0. Suppose n*d = -o + 21, 3*d + d = 4*o + 12. What is the greatest common factor of 20 and d?
4
Suppose -4*d = -b - 2*b - 48, 5*b = 0. Calculate the greatest common divisor of 4 and d.
4
Suppose -6*f + 72 + 36 = 0. What is the highest common factor of f and 9?
9
Let z = -8 - -11. Let b = 429 + -405. What is the greatest common divisor of b and z?
3
Suppose -v - 2*b = -3, 5*v = 2*b - 0 + 15. Let s = -7 + 11. Suppose s*o - 15 = -2*x + 47, 3*o - v*x - 51 = 0. Calculate the greatest common factor of 16 and o.
16
Let o(m) = 21*m**2 + m. Let c be o(-1). Suppose 2*n - 8 = n. Calculate the greatest common factor of c and n.
4
Let x = -211 - -225. Let j(u) = 3*u - 4. Let m be j(6).